 when 3 is divided by o(c)?
1
Let n(z) = -14*z - 1. What is the remainder when n(-3) is divided by 21/((2/(-5))/(180/(-675)))?
13
Suppose 10 = -u + 2*u. Calculate the remainder when (-4 - -1 - 1)/(2/(-14)) is divided by u.
8
Let w = 66 + -56. What is the remainder when 97 is divided by w?
7
Let q = 100 - 87. Calculate the remainder when 30 is divided by q.
4
Suppose 419 = 4*q + 3*f, 2*q - 5*q - 3*f = -312. What is the remainder when q is divided by 22?
19
Let o be 1/((-5)/(-3) - 2). Let q(x) = x**3 + 4*x**2 - 2*x - 4. What is the remainder when 32 is divided by q(o)?
10
Suppose 9*y = 4*y + 25. Suppose 5*l + 2*k = y*k + 169, -5*l + 2*k = -166. Calculate the remainder when l is divided by (-33)/(-6)*(-2)/(-1).
10
Let f(c) = c**3 + 14*c**2 - 2*c - 8. Calculate the remainder when f(-14) is divided by 6.
2
What is the remainder when 24 is divided by (52/16)/(-2 - 18/(-8))?
11
Let s = -14 - -26. What is the remainder when 6/4*(-28)/(-2) is divided by s?
9
Let p(t) = -t**2 - 5*t - 3. Let r = -8 + 5. Calculate the remainder when p(r) is divided by 3.
0
Let t = 268 - 131. Calculate the remainder when t is divided by 23.
22
Suppose -j + 210 + 22 = 2*r, -2*j + 349 = 3*r. What is the remainder when r is divided by 29?
28
Suppose q = -4*j + 17, -3*q - 41 = -4*q + 4*j. Suppose z - 30 = -z. What is the remainder when q is divided by z?
14
Let s(w) = -10*w - 8. Calculate the remainder when 131 is divided by s(-3).
21
Suppose 3*q + 3*d = 75, d + 67 = 2*q + 23. Calculate the remainder when q is divided by 8.
7
Suppose 6 = r - 69. Suppose -4*i - i = -r. Let o = i + 10. What is the remainder when o is divided by 13?
12
Let j(z) be the second derivative of -z**5/20 + 3*z**4/4 - 4*z**3/3 + 4*z**2 + 4*z. What is the remainder when 30 is divided by j(8)?
6
Let m(q) = -q**3 - 7*q**2 + 4*q + 1. What is the remainder when m(-8) is divided by (-18)/(-63) - (-61)/7?
6
Let b(m) = -17*m + 2. Calculate the remainder when 56 is divided by b(-1).
18
Let l = 2 - -42. What is the remainder when l is divided by (-2)/(((-8)/15)/4)?
14
Calculate the remainder when 95 is divided by (24/(-30))/((-6)/345) - -3.
46
Let q(z) = -11*z - 34. Calculate the remainder when q(-11) is divided by 23.
18
Let q = -20 - -53. What is the remainder when q is divided by 12?
9
Let r = 37 + 2. What is the remainder when r is divided by 20?
19
Suppose 4*w - 108 = -2*o, 5*o - 81 = -3*w + 4*o. Let k = w - 7. What is the remainder when 1/(-2) - (-154)/4 is divided by k?
18
Suppose 0 = 4*h - o - 63, 0*o + 48 = 4*h - 4*o. Suppose g = 2*m - 8, 0 = -2*g - 0*g. Calculate the remainder when (-700)/(-22) - m/(-22) is divided by h.
15
Let i(r) = 3*r**2 - 57*r + 26. Suppose -h = -3*t - 0*h + 153, 2*t - 102 = -2*h. What is the remainder when t is divided by i(19)?
25
Let f = 75 + -62. What is the remainder when 31 is divided by f?
5
Let z be (-24)/(-36) - (-13)/3. Suppose 0 = -5*c - 5*y, -5*c = -3*y - z - 19. Suppose 5*d = 3 + 17. Calculate the remainder when d is divided by c.
1
Let d(k) = k**3 - 13*k**2 + 30*k + 6. Calculate the remainder when 58 is divided by d(10).
4
What is the remainder when 7/(-19 + 5)*(-9 - 1) is divided by (2 + -1 - 0) + 1?
1
Let d be 2/(-9) - 33/(-27). Let w(g) be the second derivative of 17*g**3/6 + g**2/2 + g. What is the remainder when w(d) is divided by 10?
8
Suppose 0*o = -o - 18. Calculate the remainder when 52 is divided by (o/(-15))/((-1)/(-15)).
16
Let y(n) = n**3 + 6*n**2 - 2*n - 9. Let i be y(-6). Suppose i*q - 52 = -q. What is the remainder when 51 is divided by q?
12
Suppose -3*m + 21 = 2*f + f, -2*f = -2*m - 2. Suppose 0 = -5*z + v + 41, 0*z - 3*z + v + 25 = 0. Calculate the remainder when z is divided by m.
2
Let d(b) = 25*b + 7. Let c(l) = -26*l - 6. Let h(j) = -6*c(j) - 7*d(j). Calculate the remainder when h(-4) is divided by 32.
31
Suppose -55 = -2*z - l, 113 = 4*z + 4*l + l. What is the remainder when 106 is divided by z?
25
Calculate the remainder when 147 is divided by 40 + -5*6/20*2.
36
Let v(n) = n**2 + 12*n - 27. Calculate the remainder when 89 is divided by v(-15).
17
Let h = 6 + 3. Calculate the remainder when 15 is divided by h.
6
Let r = 34 - 30. Calculate the remainder when 12 is divided by r.
0
Let s = 4 - 4. Let f = -23 - -37. Calculate the remainder when f is divided by s + -3 - (-1 - 10).
6
Suppose -4*b + 56 = 4*u, -2*b - 3*u - 1 = -27. Calculate the remainder when b is divided by (4 - 2) + (-3 - -10).
7
Let y(g) = 13*g - 14. Calculate the remainder when y(7) is divided by 16.
13
Suppose 155 = 2*a + 3*a. Suppose 6 = -3*r, -a + 5 = -2*n + 4*r. Calculate the remainder when 24 is divided by n.
6
Suppose -109 = -4*m + 79. What is the remainder when m is divided by 24?
23
Let f(y) = -8*y + 2. Let i be f(3). Let x = 34 + i. Suppose -4*d + 144 = 4*v, 3*v - 3 - 3 = 0. What is the remainder when d is divided by x?
10
Suppose -r - 1 + 16 = 0. What is the remainder when 28 is divided by r?
13
Let w = -24 + 37. Let q = w + -5. Let v = -1 + 14. What is the remainder when v is divided by q?
5
Suppose -k + 26 = 2*z, -5*z = 2*k - 0*z - 51. What is the remainder when k is divided by 15?
13
Let b(m) = -m**2 - 12*m + 13. Let k = -87 + 171. Suppose -4*u + k + 12 = 0. Calculate the remainder when u is divided by b(-12).
11
Suppose 4*o - 25 = 3*x + 20, -2*o + 10 = -4*x. Let a(c) = c**2 - 3*c + 4. What is the remainder when o is divided by a(4)?
7
Let l be -2*(-2)/(8/(-138)). Let i = -46 - l. Calculate the remainder when i is divided by 8.
7
Let c = 22 + -16. Let o = 12 - c. What is the remainder when o is divided by 4?
2
Let b(q) = 8*q - 5. Let i be b(-5). Calculate the remainder when 0 - i - (-3 + 6) is divided by 11.
9
Suppose -13 = -2*q + 33. Calculate the remainder when 72 is divided by q.
3
Let s = -6 + 16. Let f = 22 - s. What is the remainder when 33 is divided by f?
9
Let q = 15 + -9. Suppose -m - 75 = -4*n, 4*n - q*m - 55 = -m. Let d(t) = 2*t + 21. Calculate the remainder when d(9) is divided by n.
19
Calculate the remainder when (-177)/(-4) - (-2)/(-8) is divided by (2 - 2 - -1)*15.
14
Let d = -3 + 6. Suppose n - 4*l + 54 = d*n, -n + 5*l = -13. Calculate the remainder when n is divided by 5.
3
Let i = 81 - 75. What is the remainder when 9 is divided by i?
3
Suppose 36 = k + 12. Calculate the remainder when k is divided by 7.
3
Suppose 3*p - 5*s - 60 = 0, -2*s = p + 2*s - 3. Let g be 2 - (-1 + 2 + -2). What is the remainder when (1/(-2))/(g/(-168)) is divided by p?
13
Let s = -13 - -9. Suppose 4*z + d = 40 + 2, 3*d = -6. What is the remainder when (s/(-2))/(10/105) is divided by z?
10
Let x = 4 + -4. Suppose x = 4*r + r - 70. Let z = 53 + -26. What is the remainder when z is divided by r?
13
Let f(t) = 4*t**2 + 7*t + 1. Let p be f(-5). Suppose 5*n = -4*v + p + 39, -5*n - 3*v = -110. What is the remainder when n is divided by 13?
12
Let i = 11 - 8. Let q be (-4)/6*-3 + i. Suppose 4*w - 75 = -0*w - q*d, -4*w - 3*d = -69. Calculate the remainder when 28 is divided by w.
13
Suppose 0 = 3*t - 0*t - 9. Suppose 25 = 2*h - t*w, w = h - w - 13. Calculate the remainder when h is divided by 6.
5
Let c(o) = -1 + 2*o + 7*o + 0*o. Let w = 2 + 0. What is the remainder when 50 is divided by c(w)?
16
Suppose q - 19 = -2*i, q = -i - 3*i + 19. What is the remainder when q is divided by 11?
8
Let y(d) = d**2 - 7*d - 9. Let v = 14 + -5. Calculate the remainder when 15 is divided by y(v).
6
Suppose 7*u - 4*u = 285. Suppose 0*t = 5*t + u. Calculate the remainder when t/2*4/(-2) is divided by 7.
5
What is the remainder when 11 is divided by (-28)/(-8) - 3/(-6)?
3
Let b(u) = -7*u + 6. Calculate the remainder when b(-5) is divided by 11.
8
Suppose 5*d - 144 = -34. Let l(j) = -j**2 - 15*j + 36. Let h be l(-17). Suppose -h*k = -0*k - d. What is the remainder when k is divided by 6?
5
Suppose -4*t + 239 = 5*r + 96, 3*r - 73 = 4*t. Calculate the remainder when r is divided by 24.
3
Let n = -21 - -39. Let d = 10 + n. Suppose -3*x + 41 = -4. Calculate the remainder when d is divided by x.
13
Let b(d) = -d**2 - 8*d - 5. Let c be ((-2)/2)/(2/10). What is the remainder when b(c) is divided by 4?
2
Suppose 0 = 3*a - 9. Suppose 2*o + a*o - 10 = 0. Suppose 5*t - 5*g - 130 = 0, -5*t - g + o*g = -138. What is the remainder when t is divided by 10?
8
Suppose -40 = -4*k + 12. What is the remainder when 24 i